et n be u(-4). Let b(q) = 2*q + 4 - q - n. Determine b(-4).
-3
Let q(j) = -5*j - 13. Let x(h) = 2*h + 4. Let v(u) = 2*q(u) + 7*x(u). Calculate v(-2).
-6
Suppose 3*r + r - 11 = -m, 4*m - 14 = -r. Let n(a) = -4*a - 3. What is n(m)?
-15
Suppose -2*u = 3*u - 10. Let z(k) = 3*k**2 - 2. Give z(u).
10
Let x(c) = -5*c**3 - 3*c**2 - 2*c + 1. Let m = -18 + 12. Let v(k) = -k**3 + 1. Let p(g) = m*v(g) + x(g). Suppose 35*l + 12 = 38*l. Calculate p(l).
3
Let g(o) = o**2 - o. Let w be (2/(-3))/(2/3). What is g(w)?
2
Let f(c) be the second derivative of -c**5/20 + c**4/3 - c**3/6 + 5*c**2/2 + 9*c. Calculate f(4).
1
Let k be 21/12 - (-2)/(-8). Let p(c) be the first derivative of -k*c**2 + 4*c + 2 + 1/4*c**4 + 2/3*c**3. Calculate p(-3).
4
Let l(h) = -h**3 - 4*h**2 + 6*h + 4. Let x = -10 + 5. Determine l(x).
-1
Let s(d) = -4*d**2 + 14*d - 3. Let n(j) = j**2 - j + 1. Let q(l) = 6*n(l) + s(l). What is q(-6)?
27
Let n = -2 - 1. Let z(v) be the second derivative of 3*v + 0 + 1/4*v**4 + 1/20*v**5 - 3/2*v**2 + 1/3*v**3. Determine z(n).
-9
Let o = 18 + -18. Let b(y) = -y**3 + y**2 + y + 8. Calculate b(o).
8
Let u(t) be the third derivative of t**4/24 - t**3/2 + t**2. Let a be u(2). Let x(f) be the first derivative of 3*f**4/2 - f**2 - f + 5. Calculate x(a).
-5
Let k = 31 + -22. Let t = k - 5. Let f be t - (-3)/(0 - 3). Let x(i) = -i + 4. What is x(f)?
1
Let v(n) = n - 1 + 0*n - 605*n**2 - 12*n**3 + 603*n**2 + n. Determine v(1).
-13
Suppose 3*x = 1 + 8. Let i(l) = l**2 - 3*l - 3. Let z be i(x). Let m(s) = -2*s + 1. Calculate m(z).
7
Let o(q) = 6*q**2 + q. Let z be 2*(-2 + -4)/(-3). Let s be ((-6)/z - -1)*-2. Determine o(s).
7
Let t(b) = -b + 1. Suppose -9 = -2*u - l, 0 = 2*u - l - 0*l + 1. Suppose -q = -u*q + 2. Determine t(q).
-1
Let t(s) = 16*s + 10. Let y(i) = -3*i - 2. Let c(k) = 2*t(k) + 11*y(k). What is c(6)?
-8
Let s(g) be the first derivative of g**2/2 - 21. Let d = 5 - 8. Calculate s(d).
-3
Let c = -177 - -456. Let i be c/21 + 4/(-14). Suppose 3*v = 2*r + 17, 0*v = 2*v - 3*r - i. Let y(b) = b - 5. Give y(v).
0
Let n(i) be the third derivative of 0*i - 7/24*i**4 - 1/60*i**5 + 3*i**2 + 0 - 1/3*i**3. What is n(-6)?
4
Let y(f) = 2*f**3 - 6*f**2 - f - 1. Let r(c) = 3*c**3 - 6*c**2. Let a(o) = -3*r(o) + 4*y(o). Determine a(-6).
20
Let d = 5 - 2. Let l(c) = -d*c + c + 4*c. What is l(3)?
6
Suppose 8*l = -l + 54. Let i(t) = 13 + 2*t - t - 2*t. Give i(l).
7
Let p(g) be the second derivative of 3/2*g**2 - 2*g - 1/6*g**3 + 0. Calculate p(-5).
8
Let h(n) = n**2 + 11*n - 8. Let x(t) = -3*t**2 - 22*t + 15. Let g(v) = -5*h(v) - 2*x(v). Determine g(8).
-14
Let f = -3 - -8. Let k = -12 + f. Let b = k - -10. Let y(r) = r**3 - 3*r**2 + r - 2. Give y(b).
1
Let n(f) = 11*f + 18. Let c(i) = -4*i - 6. Let x(h) = -3*h - 1. Let k be x(-3). Let b(v) = k*c(v) + 3*n(v). Calculate b(0).
6
Let c be 0*(-1)/2 + 4. Suppose -9 = -3*f, 9*w + f - 13 = c*w. Let t(i) = -2*i + 2 + 1 + 0. Give t(w).
-1
Let a be 2/2*1 + -1. Let u(g) = -g**3 + g**2 + 7. What is u(a)?
7
Let g(b) = -5*b**3 - b**2 + 1. Let i be g(-1). Let c(y) be the second derivative of y**3/6 - 3*y**2/2 - 2*y. Determine c(i).
2
Suppose -5*o - 16 = u, 0 = -2*u - 2*o - o - 4. Suppose -l + 2*n + 2 = l, 0 = -n + u. Let j(x) = -5*x**2 - l + x**2 + x**3 + 0. Determine j(4).
-5
Suppose -5*k + d = -38, 5*k - d - 34 = 2*d. Let x = k + -4. Let f(s) = -2*s**2 + 6*s. What is f(x)?
-8
Let w(s) = -s**3 - 4*s**2 - 4*s - 3. Let x be w(-3). Suppose x = q - 3*q + 14. Let r(i) = 1 + 1 + q*i - 6 - i**2 - 1. What is r(5)?
5
Let h(b) = -b**3 + 2*b. Let z be (-3 + 2 + 2)*2. Give h(z).
-4
Let s(u) = u**3 + 420*u + 3 - 421*u + 2*u**2 + 0*u**2. Give s(-3).
-3
Let o be (-3)/(-1 - (-2 + 2)). Let z(i) = -4*i + 3 + 0*i**o + 4*i**2 - i**3 - 2. Give z(3).
-2
Let q be -1 - (2 + -2)/1. Let y(a) = -4*a - 7*a - 1 + 7*a**3 + 10*a. What is y(q)?
-7
Let r(a) = -2*a**3 + 5*a**2 - 3*a. Let l(x) = -5*x**3 + 14*x**2 - 9*x - 1. Let q(w) = 3*l(w) - 8*r(w). Suppose 0*y + 2 = -y. Give q(y).
3
Let p(x) = -x**3 + 3*x**2 + 4. Let j = 0 - -4. Calculate p(j).
-12
Let z(m) = -m**3 - 8*m**2 - m - 5. Let t = -15 + 7. Give z(t).
3
Let s(y) = -y**3 - y - 1. Let p(x) = 7*x**3 - x**2 + x + 1. Let g(l) = p(l) + 2*s(l). Let o be (5 - 2)*16/(-12). Let z = -5 - o. What is g(z)?
-6
Suppose 1 = s - 1. Let a be (2 - s)*4/(-12). Let y(w) = w**2 - w + 6. Determine y(a).
6
Let l(v) = -2 + 4 + 6 - v - 3. Let b be l(6). Let y(t) = 8*t + 1. Calculate y(b).
-7
Let t = -12 - -16. Let f(b) be the second derivative of -b**5/20 + b**4/3 - b**3/2 + 5*b**2/2 - b. Calculate f(t).
-7
Suppose -2*x + 5*x = -15. Let u(y) = 5*y**2 + y + 0*y**3 - 1 + 4*y**3 - 3*y**3. Calculate u(x).
-6
Suppose -3*j + 18 = -3*z, 0*j + 3*j - 18 = -4*z. Let a(x) = -1 + x**2 + j*x**3 - 8*x**3 + x**3. Give a(1).
-1
Let z(k) be the third derivative of 0 - 1/24*k**4 - 1/12*k**6 + 0*k + 0*k**5 + k**2 + 1/6*k**3. Give z(1).
-10
Let l = -11 - -20. Let k(h) = 8*h**2 + 3*h + 13. Let n(f) = 2*f**2 + f + 3. Let z(m) = l*n(m) - 2*k(m). Give z(-2).
3
Let w(d) = 2*d**2 - 9*d - 7. Let z(a) = a**2 - a. Let f(l) = -w(l) + 3*z(l). Calculate f(-6).
7
Let q(p) = -17 + 24 + 2*p + 0*p - p**2. Determine q(6).
-17
Let g(n) = 2*n + 6. Let k = 65 - 70. Determine g(k).
-4
Let q(x) be the third derivative of -7*x**6/120 + x**5/60 - x**3/6 + x**2 + 29*x. Let b = -4 + 3. What is q(b)?
7
Let j(l) = 2*l**2 + 3*l - l**2 - 3 - 5*l. Let u(z) = 7*z**2 + z - 1. Let y be u(1). Suppose 0 = 4*o - y - 5. What is j(o)?
0
Suppose -4*g + 0*g + 20 = 0. Let i(q) = 4 - 3 - q + g - 3. Give i(4).
-1
Let c(h) = 0*h - 2 + 13 - h. Let o = -19 + 23. Let j = 9 - o. Calculate c(j).
6
Let m(t) = t**2 - 6*t + 5. Suppose 0 = 5*g + 17 + 8. Let l(z) = -2*z**2 - 6*z + 6. Let b be l(g). Let y be (-4)/b - (-104)/28. Give m(y).
-3
Let o(c) be the third derivative of -1/2*c**3 + 6*c**2 - 1/120*c**6 + 0 + 5/24*c**4 + 0*c + 1/30*c**5. Suppose 0*q + 9 = 3*q. What is o(q)?
3
Let n(i) = i. Let v(a) = -a + 1. Let q be v(0). Let w(p) = 4*p. Let u(z) = q*n(z) + w(z). Let o(k) = k + 5. Let x be o(-3). What is u(x)?
10
Let n(u) = -u + 7. Let o = -3 + 1. Let b be 1/((-2)/(-10)) - (1 + 0). Let v = b - o. Give n(v).
1
Let u(o) = 4 - 5*o - 4 + 0 + 3 - o**2. Give u(-4).
7
Let x(b) = -b**3 + 7*b**2 - 6*b + 3. Let g be 48/21 - (-8)/(-28). Suppose -v + 5*z + 21 = 0, -6*v - 5*z = -g*v - 9. Determine x(v).
3
Let c be (1*-1)/((-3)/9). Suppose c*d - r = 14, 2*r = -d - r + 18. Let x(y) = 2*y**3 + 2 + 2*y**3 - 5*y**3 - 6*y**2 + 2*y**3. Calculate x(d).
2
Suppose 10 = 2*k, -n + k = -1 + 10. Let h(d) = 2*d + 1. Give h(n).
-7
Suppose -1 = 4*l - 5. Let c(r) = -l - 5*r - 2*r**2 + 5*r. Give c(-1).
-3
Suppose -5*k - 2*a + 7 = 0, 4*a - 6 = -k - a. Let d(l) = 11*l**2 + 7*l. Let c(t) = -17*t**2 - 11*t. Let w = 5 + 0. Let h(r) = w*c(r) + 8*d(r). What is h(k)?
4
Let i(c) = -c**2 - c - 1. Let d(u) = 2*u**2 + 2*u + 1. Let g(h) = 2*d(h) + 3*i(h). Calculate g(1).
1
Let y be 8/40 - 4/(-5). Let n(c) = 7*c**3 - c**2 + 1. Determine n(y).
7
Let h = -3 - -4. Suppose 4*r = -5*w + 29, 3*w - 4*w + h = -4*r. Let k(t) = -2 + t - 3*t + 3*t. Determine k(w).
3
Let q(r) = -5*r**2 + 10*r + 8. Let h be q(3). Let z(a) = -2*a + 6. Calculate z(h).
20
Let o(k) = k**3 + 6*k**2 + 3*k + 1. Let w = -2 - -4. Let z be (14 - w) + 4/(-2). Suppose y + z = -4*y. What is o(y)?
11
Let w be (-8)/(-12) - (-4)/3. Let p(v) = 3 + v + 0*v - w + 2. Determine p(-5).
-2
Let n be 1 + 0 + 1 + 1. Let b(t) = -t**3 - 1 + 5*t + t - n*t**2 - 5*t - 3*t. What is b(-2)?
-1
Let m(f) = -f**2 - 7*f - 4. Let h be (-2)/(-8)*12/3. Let w = 1 + h. Suppose -3 = -k + w*k, -2*r = -4*k. Determine m(r).
2
Let a(w) = -w**3 - 11*w**2 - 9*w + 8. Let x be a(-10). Let v be x/6 - (-69)/(-9). Let l = -9 - v. Let h(z) = -10*z**2 + 2*z + 1. What is h(l)?
-11
Let f be -2*2 - (-3 + 3). Let r(p) = -p**3 - 4*p**2 + 3*p + 4. Calculate r(f).
-8
Let w(q) = -q**2 - 9*q + 2. Let m be w(-9). Let y be 0*(3 + (0 - m)). Suppose -3*f = -y*f. Let t(g) = -g - 3. Give t(f).
-3
Let a(t) = -t - 7. Let p be a(-5). Let s(o) = -o**2 - 10*o - 7. Let v be s(-9). Let r(w) = v*w**2 - w**2 - w**3 - 4*w**2 + w**2 - w. Give r(p).
2
Let y = 2 + -6. Let l = 0 + y. Let f(r) = r + 4. Give f(l).
0
Suppose 2*r + 2 = 3*r. Let k(u) = 2*u**r + 7*u**3 + 6*u**3 - u**3 - 2*u**3 - 1. What is k(1)?
11
Let o(q) = -11*q - 14 + 8*q + 13. What is o(3)?
-10
Le